 is divided by 18.
15
Suppose 4*z = -2*u + 6, -u + 0*z - 11 = -5*z. Suppose o - 8 = -p, -5*p - 6*o + 49 = -10*o. What is the remainder when p is divided by 2 + (-2 - u) - -4?
4
Suppose -5*i = m - 38, -3*m - 8 + 37 = -2*i. Let h = -11 + 36. What is the remainder when h is divided by m?
12
Let c(i) = -i**3 + 7*i**2 - 7*i + 1. Let s be c(5). Let g = s + -10. Calculate the remainder when 15 is divided by g.
3
Let t(x) = 6 + 7 - 2*x - 4 + 0. Calculate the remainder when t(-11) is divided by 11.
9
Let d be (-90)/12*(-8)/6. Let v = -5 + d. Suppose 5*q = -5, n + 5*q = 2*q. Calculate the remainder when v is divided by n.
2
Let k(n) be the first derivative of n**3/3 + 3. Let v be k(3). Let c = v - -13. Calculate the remainder when c is divided by 12.
10
Let i = 42 - 24. Suppose -i = -j - 2*g + 1, g = 0. What is the remainder when j is divided by 7?
5
Let n = -34 - -58. Suppose 35 = 29*a - 24*a. What is the remainder when n is divided by a?
3
Let n = -29 - -61. Calculate the remainder when n is divided by 11.
10
Suppose 3*u - 4 = 5*c, 0*u - 2*c + 5 = u. Suppose 3 = u*m - 2*m. What is the remainder when 11 is divided by m?
2
Suppose 5 = -g + 15. Calculate the remainder when g is divided by 6.
4
Let x(f) = -3*f - 2. Let t be x(-2). Suppose -t*b = -0*z + z, -z + b + 15 = 0. Calculate the remainder when 22 is divided by z.
10
Let n = -19 - -44. What is the remainder when n is divided by 9?
7
Let j = 30 + -13. Suppose 0 = 5*h + 2*p - 24, -4*h + p + 8 = -3*p. Suppose 2*l + 10 = h*l. What is the remainder when j is divided by l?
2
Let z(b) be the first derivative of -4*b + 5/3*b**3 - 5 + 0*b**2. Calculate the remainder when z(-3) is divided by 14.
13
Suppose 0 = -3*b - 167 - 13. Suppose -4*i - a + 28 = 3*a, i = a + 5. Calculate the remainder when 16 is divided by (i/5)/((-8)/b).
7
Suppose -51 = -5*s - 11. Let v = 29 - s. Calculate the remainder when v is divided by 11.
10
Suppose -2*b - 4*s = b - 16, -5*b = s - 38. What is the remainder when 22 is divided by b?
6
Let o be 1/2 + (-107)/2. Suppose 0 = 2*u - 63 - 159. Let x = u + o. What is the remainder when x is divided by 20?
18
Suppose -4*s - 8 = -3*b + 13, b - 4*s + 1 = 0. Suppose 0 = -5*d - 4*w + 111, 6*d - 7*d = -w - 15. What is the remainder when d is divided by b?
8
Suppose 9 = o - 0*o + 2*s, -4*o + 20 = 4*s. What is the remainder when o is divided by 1?
0
Let s(g) = -15*g**3 + 57 + 7 + 14*g**3. Calculate the remainder when s(0) is divided by 13.
12
Let h = 99 - -31. Let o = -45 + h. What is the remainder when o is divided by 22?
19
Let z(k) be the first derivative of k**2/2 + 2*k - 3. What is the remainder when 22 is divided by z(6)?
6
Let a = -39 + 75. Suppose 2*j + z - 15 = 0, a = 5*j + 3*z - 2*z. Calculate the remainder when (-4)/(-14) - (-276)/14 is divided by j.
6
Let f = -31 - -35. Calculate the remainder when f is divided by 3.
1
Let i be ((-10)/4)/(1/(-2)). Suppose -5*j + i = -15. Suppose -b + 145 = j*b. Calculate the remainder when b is divided by 10.
9
Suppose 1 = -h - 4*b + 3, -2*h = 4*b + 8. Let u = -7 - h. Calculate the remainder when 4 is divided by u.
1
Let y be -2 - ((-1 - -1) + -65). Let d = y + 32. What is the remainder when d/2 + (-1)/2 is divided by 16?
15
Let g = 37 - 20. Let t(f) = -f**2 - f. Let j be t(0). Calculate the remainder when 49/(j + -1 - -2) is divided by g.
15
Suppose 3*w - 6 = 6*w. Let u(c) = -c + 2. Let d be u(w). Suppose 3 = -a + d. Calculate the remainder when 1 is divided by a.
0
Let c(w) = -11*w - 4. Suppose -3*n - 2*d - 19 = 0, -4*n = 2*d + d + 27. Let r = -4 - -14. What is the remainder when c(n) is divided by r?
9
Suppose -4*p + 3*t + 527 = 0, -4*t + 150 - 808 = -5*p. Calculate the remainder when p is divided by 17.
15
Suppose 0 = -5*g - 11 - 14. Let t = -1 - g. Suppose 0 = -3*c + 5*y - t*y + 41, -4*c = 4*y - 28. Calculate the remainder when 33 is divided by c.
9
Let v = -25 - -45. What is the remainder when v is divided by 6?
2
Suppose 4*s = 2*s + 122. Let w(n) = n**3 - 17*n**2 + 16*n + 16. What is the remainder when s is divided by w(16)?
13
Suppose 0 = -4*n - 1 + 5. Let v(b) = 14*b**2. Calculate the remainder when 25 is divided by v(n).
11
Suppose -42 = -5*j - 4*v + 59, 3*j - 66 = 3*v. What is the remainder when 41 is divided by -4*j/(-6)*1?
13
Suppose 3*g = 3*r + r - 18, 12 = -4*r. Let x = g - -25. What is the remainder when 58 is divided by x?
13
Let j(u) = u**3 - 4*u**2 + 5. Let o be j(4). Let g(y) be the third derivative of y**4/12 + y**3/6 + 3*y**2. What is the remainder when g(o) is divided by 6?
5
Let y(k) = 3*k + 7. Let h be y(6). Suppose 3*a = 3*m - 5 - h, 34 = 3*m - 2*a. What is the remainder when 26 is divided by m?
12
Let y(s) = 5*s**3 - 5*s**2 + s. Let t be y(4). Suppose 2*m - t = -2*m. Calculate the remainder when m is divided by 16.
13
Suppose 2*k - 2*l - 219 = l, 2*l = 2*k - 214. Suppose -4*h - 4*d = -32, -4*h - 17 + 49 = 5*d. What is the remainder when 24 is divided by k/h + (-3)/(-12)?
11
Let r be (1 - -1)*3/6. Let u = 1 - r. Let m(s) = -s + 20. Calculate the remainder when m(u) is divided by 11.
9
Suppose -j + 6 = -4. Let g(s) = 2*s + 5. Let k be g(0). Suppose -99 = -k*f - 2*x, 2*x + 2*x = -3*f + 65. Calculate the remainder when f is divided by j.
9
Let d be ((-12)/16)/(2/(-24)). Suppose 3*w - 9 = d. Let q(u) = -u**3 + 8*u**2 + 11*u - 9. Calculate the remainder when q(9) is divided by w.
3
Let y = 3 - 1. Suppose 0 = 3*u - 3*o + y*o - 92, -5*o + 120 = 5*u. What is the remainder when u is divided by 10?
9
Suppose 0 = 7*u - 4*u - 66. Suppose -2*y + u = -g - 89, 2 = -2*g. Calculate the remainder when y is divided by 19.
17
Suppose -2*f + 6 = -2*n, -24 = 4*n + 3*f - 4*f. Suppose -t - 2*v - v = -6, 6 = -3*v. Let s = t + n. Calculate the remainder when 9 is divided by s.
4
Let w be -6*((-1)/3 + 1). Let j(z) = -3*z - 3. Calculate the remainder when 16 is divided by j(w).
7
Let i be ((-8)/6)/(-1*4/12). Let k(y) be the first derivative of 5*y**3/3 - 3*y**2/2 - 3*y + 1. What is the remainder when k(i) is divided by 17?
14
Suppose 0 = -4*z + 12. Suppose 0 = 5*g + 3*i + 55, -g + z*g + 11 = i. What is the remainder when 47 is divided by 252/16 - 2/g?
15
Let p(d) = -3*d - 2. Suppose 3*v - 123 = -b + 4*b, -5*v = 2*b - 177. What is the remainder when v is divided by p(-4)?
7
Suppose -7 + 40 = 3*c. Calculate the remainder when 26 is divided by c.
4
Let d(j) = j + 6. Let v be d(-4). Suppose 88 = 3*o - v*s, 0 = s + s + 10. Calculate the remainder when o is divided by 14.
12
Let x = 52 + -27. Suppose 6*f + x = f. Calculate the remainder when (-124)/f + 2/10 is divided by 13.
12
Let a be 140/(-15)*18/(-4). Suppose 0 = 4*b - 3*b - a. Calculate the remainder when b is divided by 22.
20
Suppose 42 = 2*h + m + 9, -2*h = -4*m - 48. Let i(n) = n**2 + n - 4. Suppose 4*r + 24 = r. What is the remainder when i(r) is divided by h?
16
Let q be ((-3)/(-1))/(6/(-28)). Let r be 23/(-3)*(-2 + -1). Let v = q + r. Calculate the remainder when 17 is divided by v.
8
Suppose -63 = -2*j - 3*j - 3*t, -5*t + 17 = j. Calculate the remainder when 228/10 + 2/10 is divided by j.
11
Let p = 53 - 37. What is the remainder when (-804)/(-28) - 2/(-7) is divided by p?
13
Let b(d) = 4*d**2 + 12 - 5*d**2 - 7*d + 0*d**2. Let n be b(-9). Let z = 16 + n. What is the remainder when 29 is divided by z?
9
Let o = 19 + 65. What is the remainder when o is divided by 29?
26
Suppose 0 = -d + 3*g + g + 61, -d + 57 = -2*g. Calculate the remainder when d is divided by (-4)/(-10)*(1 + 34).
11
Suppose 0 = 3*g - g - 28. Calculate the remainder when g is divided by 6.
2
Let i be 2/(-6)*-3*1. Let w(t) = t**2 + 5*t + 2. Let q be w(-4). Calculate the remainder when i - (-11 + q + 1) is divided by 5.
3
Let l(s) = -s**2 - 9*s - 2. Let u = -23 + 14. Let z be l(u). Let x = 17 + z. Calculate the remainder when 43 is divided by x.
13
Let t be (4/6)/(2/87). Let d(c) = c**2 + 4*c + 5. Calculate the remainder when t*2/2*1 is divided by d(-5).
9
Let m = 242 + -189. Calculate the remainder when m is divided by 9.
8
Let w(i) = i**2 + 16*i + 18. What is the remainder when 6*(-16)/(-2) - -3 is divided by w(-16)?
15
Suppose 3*x = 0, x - 4 + 2 = 2*j. Let s(c) = -c**3 + 10. What is the remainder when (j + 7)/((-1)/(-3)) is divided by s(0)?
8
Let w = -26 - -44. Let z = w - 12. Calculate the remainder when 9 is divided by z.
3
S